3.
41
Let x(o) = 4*o**2 + 84*o + 370. Suppose -6*r - s = -2*r - 149, -5*s = -r + 53. Calculate the remainder when r is divided by x(-15).
8
Suppose 365 + 115 = 4*l. Suppose 3*c + 23 - l = 5*o, 4*c + 2*o - 86 = 0. What is the remainder when 46 is divided by c?
22
Let x(i) = -i**2 + i + 4. Let n be x(0). Suppose -5*m + 5*u = -105, 0 = -0*m + n*m + 5*u - 57. What is the remainder when m is divided by 0 + 7 + (1 - 1)?
4
Suppose -7*w + 313 = 12. Suppose -5*x + 272 = a + 2*a, 0 = -2*a - 4*x + 184. What is the remainder when a is divided by w?
41
Let y(j) = 28*j + 167. What is the remainder when y(-3) is divided by 21?
20
Suppose -3*z + 275 = 2*z. What is the remainder when z is divided by 19?
17
Let n = 32486 + -32464. What is the remainder when (2/(-4))/((-2)/308) is divided by n?
11
Suppose -7 = 2*p + 3*x, -2*p - 2 = -3*x + 5*x. What is the remainder when 82 is divided by p?
2
Let g = -19 + 24. Suppose 0 = h - 2*h - 1, -k = g*h - 114. Calculate the remainder when k is divided by 30.
29
Suppose 0 = -2*l + 2*f + 14, -35 = -4*l + 2*f - 1. Suppose z = l - 7. Calculate the remainder when z is divided by 1.
0
What is the remainder when 319 is divided by (-4)/(-22) - (-4140)/220?
15
Let j be 1/(-4) + (-97)/(-4). Suppose -2*p = -5*c - 31, 4*p - c + 2*c - 29 = 0. Suppose -p*z = -12*z + j. Calculate the remainder when 33 is divided by z.
3
Let k(i) = -3*i**2 - 70*i - 11. Suppose 4 = -4*t + 24. Calculate the remainder when k(-23) is divided by t.
2
Suppose -3 = -m + 27. Suppose 2*t + 5*l = 261, -12*t + 3*l = -10*t - 221. What is the remainder when t is divided by m?
28
Suppose 5*r - 4*n = 82 + 3, 4*r = -4*n + 104. What is the remainder when r is divided by 18/4*10*(-4)/(-30)?
3
Suppose -4*z + 20 = 4*m, 0 = 4*z - 3*z - 5*m + 7. Suppose 2*x - 96 = -2*p, 3*p - z*x - 128 = -2*x. Calculate the remainder when p is divided by 15.
14
Let r = -86 - -98. Let a(b) = 5*b**2 + b + 1. Let q be a(-1). Suppose q*z - 87 - 148 = 0. Calculate the remainder when z is divided by r.
11
Let q(m) = -12*m**3 - m**2 - 8*m - 8. Calculate the remainder when 262 is divided by q(-1).
9
Suppose 0*f + 5 = f. What is the remainder when (-3 - -79) + (0 - -8) is divided by f?
4
Suppose -3*b - 4*b + 112 = 0. Let l = 185 - 128. Let v = l + -26. What is the remainder when v is divided by b?
15
Suppose o + 145 = 6*o. What is the remainder when (35/15)/((-107)/36 + 3) is divided by o?
26
Suppose 55 = -19*l + 454. What is the remainder when 146 is divided by l?
20
Let b = 555 - 547. Calculate the remainder when 206 is divided by b.
6
Let u be 6/15 - 48/(-30). Suppose 5*n + 3*t - 2*t = 101, t - 38 = -u*n. What is the remainder when n is divided by 6?
3
Let h = 126 + -111. What is the remainder when h is divided by 8?
7
Let o(p) = 10*p**2 + p + 5. Let w = -32 + 30. Calculate the remainder when o(w) is divided by 12.
7
Calculate the remainder when 3/(39/2) - (-10552)/26 is divided by 105.
91
Let j(m) = -m**2. Let s(l) = 2*l**2 - 5*l - 1. Let x(r) = -3*j(r) - s(r). Calculate the remainder when -5*((-108)/20 - -4) is divided by x(-6).
0
Let t = -10 - 1. Let m = t - -27. Suppose 2*r + 3*w - m = 0, -4*r + 2*w = -2*r + 4. What is the remainder when 10 is divided by r?
0
Let h = -1528 + 1534. Suppose 0 = d - 5*d + 68. Calculate the remainder when d is divided by h.
5
Let z = 15 - -5. Let g = z - 15. Suppose -g*m + 22 = -8. What is the remainder when m is divided by 2?
0
Let s = 16 + -10. Let k(w) = -2*w + 0 - 3 - 2*w + 2*w. What is the remainder when s is divided by k(-3)?
0
Let b(g) = g**3 - 18*g**2 + 20*g - 41. Suppose -4*o + 101 = 4*i + 21, -39 = -3*i + 4*o. What is the remainder when 27 is divided by b(i)?
7
Suppose -2*o + 0*o = -14. Let p = 1774 - 1751. Calculate the remainder when p is divided by o.
2
Let k = -66 - -127. Let v = k - -33. Calculate the remainder when v is divided by 32.
30
Let v(i) = -i**3 - 8*i**2 - 18*i + 16. What is the remainder when v(-6) is divided by 9?
7
Suppose -4*j = -3*i + i - 10, 4*j = -4*i + 16. What is the remainder when 4 is divided by (5/(-15))/((-1)/6*i)?
0
Let j = -27 + 31. Let i = 25 + j. Calculate the remainder when i is divided by 16.
13
Suppose -3*z + 48 = -z. Let j(t) = -11*t**3 + 2*t**2 + t. Suppose -33 = 5*u - 23. Calculate the remainder when j(u) is divided by z.
22
Suppose -84 = 6*d - 10*d. Suppose 39 - 9 = 5*l. Let n(u) = 11*u - 5. What is the remainder when n(l) is divided by d?
19
Let y = 394 + -257. Calculate the remainder when y is divided by 70.
67
Suppose 2*f = 7*i - 2*i - 307, 5*f + 127 = 2*i. What is the remainder when i is divided by 31?
30
Suppose -8*o + 22 = -322. Calculate the remainder when o is divided by 11.
10
Calculate the remainder when 295 is divided by (-63 + 3)*(1 - 0 - 2).
55
Let p = 132 + -80. Suppose 0 = 4*f - 0*k - 5*k - 38, 4*f - p = -2*k. What is the remainder when 44 is divided by f?
8
Let j be -1 - 0/(0 - -2). Suppose 3*n + 2*y = 108, -4*n - 2*y + 5*y = -144. Let u = j + n. Calculate the remainder when u is divided by 9.
8
Let u = 45 - 32. Suppose 0 = -j + 4*j - 147. What is the remainder when j is divided by u?
10
Let b = 327 - -287. What is the remainder when b is divided by 88?
86
Let p be 1/(-2)*(-26 + 2). Calculate the remainder when ((-32)/p)/(6/(-387)) is divided by 25.
22
Let m(n) = -5*n**3 + 3*n**2 - 10*n + 4. Let y(r) = -r**3 - r**2. Let p(v) = m(v) - 4*y(v). What is the remainder when 22 is divided by p(4)?
10
Suppose -2*j + r + 42 = 0, 2*j + 2*r - 54 = -0*r. What is the remainder when j is divided by (-3 - -6)*13/3?
10
Let i be 28/5 + (-18)/30. Let x(o) = o**2 - 2*o - 11. What is the remainder when 17 is divided by x(i)?
1
Suppose -j + 7 - 3 = 0. Suppose 4*w + i - 23 = j*i, 4*w - 21 = i. Let v = w - -6. What is the remainder when v is divided by 5?
1
Let l be -580 - ((-12)/(-3) - 2). Let u(y) = -14*y**3 + y**2 - y - 1. Calculate the remainder when u(-1) is divided by l/(-66) + 4/22.
6
Let z = -15 + 15. Calculate the remainder when 10 is divided by 7 - (4 - z - 3).
4
Suppose -i = 24 - 19, -5*z = -4*i - 205. Calculate the remainder when 61 is divided by z.
24
Suppose 3*h - 68 = -5*r, -5*r = -2*h + 93 - 6. Calculate the remainder when 67 is divided by h.
5
Let m = 1217 - 1204. Suppose 4*x - 127 = 129. Calculate the remainder when x is divided by m.
12
Let s = 53 + 45. Suppose -2*f = -0*f - s. Let l(o) = 3*o**2 - 3*o + 7. What is the remainder when f is divided by l(2)?
10
Suppose -w = 5*z - 6, 2*z + z + 64 = 2*w. What is the remainder when 51 is divided by w?
25
Suppose -3*k = 4*j - 5*k - 60, 0 = 5*j - 4*k - 75. Suppose 2*c = 2*g - 5*g + 46, 3*g + 5*c - 61 = 0. What is the remainder when j is divided by g?
3
What is the remainder when 254 is divided by -18*(-1)/6 - -76?
17
Suppose 7*g = -0*g - 203. What is the remainder when 60 is divided by 5 + -2 - (0 + g)?
28
Let x = -1220 + -508. What is the remainder when 60 is divided by (-4)/26 - x/78?
16
Let a = -51 + 158. What is the remainder when a is divided by 22?
19
Let g(v) = -2*v**3 + 16*v**2 - 13*v - 1. Let f be g(7). What is the remainder when 13 is divided by ((-4)/f)/(20/(-180))?
1
Let q(j) = j**2 + j + 2. Let c be q(-3). Suppose c - 12 = -v. Let t = -26 + 40. What is the remainder when t is divided by v?
2
Suppose -b - 4 = -14. Let k(x) = 4*x**2 + x - 2. Let p be k(-2). Let a = p - b. Calculate the remainder when a is divided by 1.
0
Suppose m - 3*w + 8 - 42 = 0, -4*m = -w - 92. Suppose -480 = -5*g + 320. Let a = 166 - g. Calculate the remainder when m is divided by a.
4
Let j = 15 + -13. Let u be j/(-7) + 576/56. Suppose -8*o + u*o - 6 = 0. What is the remainder when 9 is divided by o?
0
Let s(f) = 2*f**3 - 52*f**2 - 5*f + 149. What is the remainder when 299 is divided by s(26)?
14
Let d = 238 + -128. Calculate the remainder when d is divided by 56.
54
What is the remainder when 2470/6 + (-102)/153 is divided by 31?
8
Let h(i) = i**3 + 8*i**2 + 12*i - 6. What is the remainder when 39 is divided by h(-5)?
3
Let i(k) = -k**3 + 6*k**2 + 4*k - 6. What is the remainder when 83 is divided by i(6)?
11
Let k(q) = -q**2 - 47*q - 107. What is the remainder when k(-44) is divided by 15?
10
Suppose -5*s - 3*h + 813 + 116 = 0, -5*s = -4*h - 908. Calculate the remainder when s is divided by 31.
29
Suppose 9*d = -105 + 285. What is the remainder when 275 is divided by d?
15
S